{"id":210,"date":"2014-11-15T18:49:45","date_gmt":"2014-11-15T17:49:45","guid":{"rendered":"http:\/\/www.mb-stauffia.de\/?page_id=210"},"modified":"2025-11-09T20:11:49","modified_gmt":"2025-11-09T19:11:49","slug":"unser-name","status":"publish","type":"page","link":"https:\/\/www.mb-stauffia.de\/?page_id=210","title":{"rendered":"UNSER NAME"},"content":{"rendered":"<div id=\"attachment_213\" style=\"width: 252px\" class=\"wp-caption aligncenter\"><a href=\"http:\/\/www.mb-stauffia.de\/wp-content\/uploads\/2014\/05\/Barbarossa_und_Soehne.jpg\"><img loading=\"lazy\" decoding=\"async\" aria-describedby=\"caption-attachment-213\" src=\"http:\/\/www.mb-stauffia.de\/wp-content\/uploads\/2014\/05\/Barbarossa_und_Soehne.jpg\" alt=\"Friedrich Barbarossa und seine S\u00f6hne Heinrich und Friedrich, Miniatur aus der Welfenchronik (1179). Quellen: Wikipedia.de, planet-wissen.de\" width=\"242\" height=\"354\"><\/a><p id=\"caption-attachment-213\" class=\"wp-caption-text\">Friedrich Barbarossa und seine S\u00f6hne Heinrich und Friedrich, Miniatur aus der Welfenchronik (1179).<br \/>Quellen: Wikipedia.de, planet-wissen.de<\/p><\/div>\n<p>Der Name der Burschenschaft Stauffia leitet sich her vom Adelsgeschlecht der Staufer, dass vom 11 &#8211; 13 Jahrhundert mehrere schw\u00e4bische Herz\u00f6ge und r\u00f6misch-deutsche K\u00f6nige und Kaiser hervorbrachte.<\/p>\n<p>Der Name &#8222;Staufer&#8220; geht auf die Burg Hohenstaufen auf dem Nordrand der schw\u00e4bische Alb gelegenen Berg Hohenstaufen zur\u00fcck.<\/p>\n<p>Das Geschlecht der Staufer hat das europ\u00e4ische Mittelalter entscheidend gepr\u00e4gt.Kaiser Barbarossa uns sein Enkel Friedrich II. gr\u00fcndeten Universit\u00e4ten und St\u00e4dte, schufen ein neues Rechtssystem und f\u00f6rderten die h\u00f6fische Kultur. Sie herrschten \u00fcber ein Gebiet, das sich von der heutigen D\u00e4nischen Grenze bis Sizilien erstreckte.<\/p>\n<p>Die Gr\u00fcnder unserer Burschenschaft w\u00e4hlten den Namen Stauffia, da Ihre Herkunftsburschenschaften (Burschenschaft Teutonia Karlsruhe, Burschenschaft Germania Karlsruhe, Burschenschaft Germania Darmstadt und Burschenschaft Arminia Karlsruhe)&nbsp; im ehemaligen Kerngebiet des schw\u00e4bischen Staufergeschlechts beheimatet waren bzw. sind.<\/p>\n","protected":false},"excerpt":{"rendered":"<p>Der Name der Burschenschaft Stauffia leitet sich her vom Adelsgeschlecht der Staufer, dass vom 11 &#8211; 13 Jahrhundert mehrere schw\u00e4bische Herz\u00f6ge und r\u00f6misch-deutsche K\u00f6nige und Kaiser hervorbrachte. Der Name &#8222;Staufer&#8220; geht auf die Burg Hohenstaufen auf dem Nordrand der schw\u00e4bische Alb gelegenen Berg Hohenstaufen zur\u00fcck. Das Geschlecht der Staufer hat das europ\u00e4ische Mittelalter entscheidend gepr\u00e4gt.Kaiser [&hellip;]<\/p>\n","protected":false},"author":2,"featured_media":0,"parent":10,"menu_order":2,"comment_status":"closed","ping_status":"closed","template":"custom-home\/\u00dcber Uns (Static).php","meta":{"footnotes":""},"class_list":["post-210","page","type-page","status-publish","hentry"],"_links":{"self":[{"href":"https:\/\/www.mb-stauffia.de\/index.php?rest_route=\/wp\/v2\/pages\/210","targetHints":{"allow":["GET"]}}],"collection":[{"href":"https:\/\/www.mb-stauffia.de\/index.php?rest_route=\/wp\/v2\/pages"}],"about":[{"href":"https:\/\/www.mb-stauffia.de\/index.php?rest_route=\/wp\/v2\/types\/page"}],"author":[{"embeddable":true,"href":"https:\/\/www.mb-stauffia.de\/index.php?rest_route=\/wp\/v2\/users\/2"}],"replies":[{"embeddable":true,"href":"https:\/\/www.mb-stauffia.de\/index.php?rest_route=%2Fwp%2Fv2%2Fcomments&post=210"}],"version-history":[{"count":27,"href":"https:\/\/www.mb-stauffia.de\/index.php?rest_route=\/wp\/v2\/pages\/210\/revisions"}],"predecessor-version":[{"id":1107,"href":"https:\/\/www.mb-stauffia.de\/index.php?rest_route=\/wp\/v2\/pages\/210\/revisions\/1107"}],"up":[{"embeddable":true,"href":"https:\/\/www.mb-stauffia.de\/index.php?rest_route=\/wp\/v2\/pages\/10"}],"wp:attachment":[{"href":"https:\/\/www.mb-stauffia.de\/index.php?rest_route=%2Fwp%2Fv2%2Fmedia&parent=210"}],"curies":[{"name":"wp","href":"https:\/\/api.w.org\/{rel}","templated":true}]}}